 of 23337?
3, 2593
List the prime factors of 1929.
3, 643
List the prime factors of 11625.
3, 5, 31
List the prime factors of 99898.
2, 199, 251
What are the prime factors of 1830?
2, 3, 5, 61
What are the prime factors of 14723?
14723
What are the prime factors of 5194?
2, 7, 53
List the prime factors of 29042.
2, 13, 1117
List the prime factors of 1921.
17, 113
What are the prime factors of 684?
2, 3, 19
What are the prime factors of 41823?
3, 1549
List the prime factors of 882.
2, 3, 7
List the prime factors of 73343.
71, 1033
What are the prime factors of 37?
37
What are the prime factors of 10026?
2, 3, 557
What are the prime factors of 4658?
2, 17, 137
List the prime factors of 7904.
2, 13, 19
List the prime factors of 14234.
2, 11, 647
What are the prime factors of 29422?
2, 47, 313
What are the prime factors of 1126?
2, 563
List the prime factors of 4298.
2, 7, 307
List the prime factors of 726.
2, 3, 11
List the prime factors of 5497.
23, 239
List the prime factors of 4104.
2, 3, 19
List the prime factors of 5555.
5, 11, 101
List the prime factors of 3587.
17, 211
What are the prime factors of 61615?
5, 12323
What are the prime factors of 941?
941
List the prime factors of 80438.
2, 37, 1087
List the prime factors of 6585.
3, 5, 439
List the prime factors of 7945.
5, 7, 227
List the prime factors of 63798.
2, 3, 7, 31
What are the prime factors of 18822?
2, 3, 3137
List the prime factors of 20051.
20051
What are the prime factors of 823?
823
List the prime factors of 12789.
3, 7, 29
What are the prime factors of 1207?
17, 71
What are the prime factors of 3454?
2, 11, 157
List the prime factors of 14901.
3, 4967
List the prime factors of 6169.
31, 199
What are the prime factors of 829?
829
List the prime factors of 5632.
2, 11
What are the prime factors of 979?
11, 89
What are the prime factors of 81244?
2, 19, 1069
List the prime factors of 10462.
2, 5231
List the prime factors of 9023.
7, 1289
What are the prime factors of 627?
3, 11, 19
List the prime factors of 11.
11
What are the prime factors of 124134?
2, 3, 17, 1217
List the prime factors of 45598.
2, 7, 3257
List the prime factors of 2360.
2, 5, 59
List the prime factors of 4087.
61, 67
What are the prime factors of 780?
2, 3, 5, 13
What are the prime factors of 7423?
13, 571
List the prime factors of 5840.
2, 5, 73
List the prime factors of 964.
2, 241
What are the prime factors of 33407?
11, 3037
What are the prime factors of 7900?
2, 5, 79
List the prime factors of 6344.
2, 13, 61
What are the prime factors of 882?
2, 3, 7
List the prime factors of 40201.
7, 5743
List the prime factors of 41554.
2, 79, 263
List the prime factors of 42023.
42023
List the prime factors of 11471.
11471
What are the prime factors of 3350?
2, 5, 67
What are the prime factors of 5803?
7, 829
What are the prime factors of 11883?
3, 17, 233
List the prime factors of 145571.
17, 8563
What are the prime factors of 17561?
17, 1033
What are the prime factors of 22970?
2, 5, 2297
What are the prime factors of 2850?
2, 3, 5, 19
What are the prime factors of 8033?
29, 277
What are the prime factors of 2224?
2, 139
What are the prime factors of 52733?
52733
What are the prime factors of 41926?
2, 20963
What are the prime factors of 783?
3, 29
What are the prime factors of 12887?
7, 263
What are the prime factors of 7563?
3, 2521
What are the prime factors of 171?
3, 19
List the prime factors of 5146.
2, 31, 83
What are the prime factors of 60093?
3, 11, 607
What are the prime factors of 25637?
31, 827
What are the prime factors of 6592?
2, 103
List the prime factors of 7054.
2, 3527
What are the prime factors of 3409?
7, 487
List the prime factors of 20675.
5, 827
List the prime factors of 5813.
5813
What are the prime factors of 526?
2, 263
What are the prime factors of 14181?
3, 29, 163
What are the prime factors of 739?
739
What are the prime factors of 1275?
3, 5, 17
List the prime factors of 1243.
11, 113
List the prime factors of 4745.
5, 13, 73
List the prime factors of 6504.
2, 3, 271
List the prime factors of 2081.
2081
What are the prime factors of 2311?
2311
What are the prime factors of 1257?
3, 419
What are the prime factors of 4884?
2, 3, 11, 37
What are the prime factors of 7962?
2, 3, 1327
List the prime factors of 43168.
2, 19, 71
What are the prime factors of 53336?
2, 59, 113
What are the prime factors of 7567?
7, 23, 47
What are the prime factors of 235?
5, 47
List the prime factors of 2919.
3, 7, 139
List the prime factors of 23568.
2, 3, 491
List the prime factors of 100817.
181, 557
What are the prime factors of 22474?
2, 17, 661
List the prime factors of 1610.
2, 5, 7, 23
List the prime factors of 136.
2, 17
List the prime factors of 29421.
3, 7, 467
What are the prime factors of 7487?
7487
List the prime factors of 116701.
13, 47, 191
What are the prime factors of 857?
857
List the prime factors of 19447.
19447
List the prime factors of 960.
2, 3, 5
List the prime factors of 17563.
7, 13, 193
What are the prime factors of 11674?
2, 13, 449
List the prime factors of 1014.
2, 3, 13
List the prime factors of 382.
2, 191
What are the prime factors of 1450?
2, 5, 29
List the prime factors of 23056.
2, 11, 131
What are the prime factors of 54096?
2, 3, 7, 23
List the prime factors of 135727.
135727
List the prime factors of 677.
677
What are the prime factors of 2150?
2, 5, 43
List the prime factors of 3053.
43, 71
What are the prime factors of 1333?
31, 43
List the prime factors of 39246.
2, 3, 31, 211
List the prime factors of 10747.
11, 977
List the prime factors of 24078.
2, 3, 4013
What are the prime factors of 3875?
5, 31
What are the prime factors of 63403?
19, 47, 71
What are the prime factors of 43910?
2, 5, 4391
What are the prime factors of 1720?
2, 5, 43
List the prime factors of 935.
5, 11, 17
List the prime factors of 17661.
3, 7, 29
List the prime factors of 1597.
1597
What are the prime factors of 47416?
2, 5927
What are the prime factors of 2220?
2, 3, 5, 37
List the prime factors of 561.
3, 11, 17
What are the prime factors of 33350?
2, 5, 23, 29
List the prime factors of 570.
2, 3, 5, 19
List the prime factors of 7459.
7459
List the prime factors of 1809.
3, 67
What are the prime factors of 24996?
2, 3, 2083
List the prime factors of 1079.
13, 83
List the prime factors of 958.
2, 479
What are the prime factors of 3296?
2, 103
What are the prime factors of 487?
487
What are the prime factors of 35284?
2, 8821
What are the prime factors of 62686?
2, 13, 2411
List the prime factors of 12795.
3, 5, 853
List the prime factors of 3154.
2, 19, 83
What are the prime factors of 2900?
2, 5, 29
List the prime factors of 30155.
5, 37, 163
What are the prime factors of 15363?
3, 569
What are the prime factors of 381?
3, 127
List the prime factors of 56310.
2, 3, 5, 1877
List the prime factors of 15227.
15227
What are the prime factors of 3030?
2, 3, 5, 101
What are the prime factors of 50676?
2, 3, 41, 103
What are the prime factors of 1413?
3, 157
What are the prime factors of 2286?
2, 3, 127
List the prime factors of 27678.
2, 3, 7, 659
List the prime factors of 19279.
13, 1483
What are the prime factors of 22728?
2, 3, 947
List the prime factors of 305.
5, 61
What are the prime factors of 1043?
7, 149
What are the prime factors of 169?
13
List the prime factors of 1064.
2, 7, 19
List the prime factors of 100146.
2, 3, 16691
List the prime factors of 40419.
3, 499
List the prime factors of 1439.
1439
List the prime factors of 5805.
3, 5, 43
What are the prime factors of 4139?
4139
What are the prime factors of 17471?
17471
What are the prime factors of 3649?
41, 89
List the prime factors of 127578.
2, 3, 11, 1933
List the prime factors of 18.
2, 3
What are the prime factors of 1465?
5, 293
List the prime factors of 9074.
2, 13, 349
List the prime factors of 15495.
3, 5, 1033
List the prime factors of 7919.
7919
What are the prime factors of 6954?
2, 3, 19, 61
List the prime factors of 8715.
3, 5, 7, 83
List the prime factors of 1563.
3, 521
List the prime factors of 21899.
61, 359
What are the prime factors of 2425?
5, 97
What are the prime factors of 77381?
223, 347
List the prime factors of 3097.
19, 163
What are the prime factors of 68318?
2, 34159
List the prime factors 